hat is the tens digit of 369*(-7)/(-252)*8?
8
Let c(r) = 31*r**2 + 8*r + 45. What is the tens digit of c(-6)?
1
Suppose 0*c - 3*c - 4*b = -20, 0 = -2*b + 4. Let z = -3 + c. What is the units digit of 26 + (3 - (5 + z))?
3
Let v = 39 - 32. Suppose v*j - 912 = -j. What is the tens digit of j?
1
Suppose 0 = -4*d + 9*d. Suppose -p + 5*p + 124 = d. Let f = 66 + p. What is the units digit of f?
5
What is the tens digit of (-54)/(-243) - 60566/(-18)?
6
Let y(f) = -10*f + 5*f + 4 + 8*f + 3*f**2. What is the tens digit of y(-5)?
6
Let w(h) = 171*h**2 - 10*h - 5. What is the thousands digit of w(5)?
4
Let i = -5096 - -8087. What is the hundreds digit of i?
9
Let w(y) = -y**3 - 12*y**2 + 8*y - 2. Suppose 3 = z + 5*c, 0 = -z + 6*z - 5*c + 75. Let s be w(z). Let a = 155 + s. What is the tens digit of a?
5
Let z(l) = -4*l. Let k be z(-1). Let x(d) = 6*d**2 + 4*d + 8. Let f be x(-4). Suppose -2*a - 2*v + 30 = 3*v, -4*a + k*v = -f. What is the tens digit of a?
2
Suppose 0 = 6*a + 22 - 172. What is the units digit of a?
5
Suppose 5*v = 3*n - 790, n - 8*v + 10*v = 245. What is the hundreds digit of n?
2
Let s be 2 + (0 + 0 - 0). Suppose -s*c = -f - 133, 3*c - 239 = 3*f - 44. Suppose -3*u + 4*y = -8*u + c, y + 83 = 5*u. What is the tens digit of u?
1
Let f = -24 + 27. What is the tens digit of -122*3/(-2*f)?
6
What is the tens digit of (-36)/(-2)*(-7 - 1057/(-21))?
8
Let f(m) = -m**3 + 13*m**2 + 14*m + 1. Let i be f(14). Let x be i + -2 + (1 - 0). Suppose x = -4*u - 4*j + 4, -3*j - 1 - 8 = 0. What is the units digit of u?
4
Suppose 2*r = 0, -6*w + 4*r - 295 = -11*w. Suppose -55 - w = -3*d. What is the units digit of d?
8
Let r(t) = t**2 + 22 - 4 + 4*t - 12*t + t**2. What is the units digit of r(5)?
8
Suppose 530 = 2*b - 270. What is the hundreds digit of b?
4
Let t(g) = -42*g + 1. Let m be t(-2). Suppose -34*u + 1224 = -748. Let r = m - u. What is the tens digit of r?
2
Let t = -82 - -70. Let a(d) = d**3 + 15*d**2 + 26*d - 12. What is the hundreds digit of a(t)?
1
Let r = 2163 - 1114. What is the tens digit of r?
4
Let h(d) = 44*d + 1. Let n be h(6). Suppose 10*s - 575 = n. What is the tens digit of s?
8
Let v be -1 + 0 + 5 - -7. Let q be (-34)/(-6) + (-2)/(-6). Let u = v - q. What is the units digit of u?
5
Let g = 1804 - 1126. Suppose 3*i + 2*u + 0*u = g, 3*i - 678 = -3*u. What is the units digit of i?
6
Suppose 10*i = -4*q + 7*i + 10313, i = 3*q - 7725. What is the tens digit of q?
7
Let c(g) = -6*g**2 + 16*g + 14. Let m(u) = -u**2. Let t(v) = -c(v) + 5*m(v). What is the units digit of t(17)?
3
Let h = -1692 - -2508. What is the tens digit of h?
1
Let m = -34 + -86. Let x = -59 - m. Suppose -2*k + x = -13. What is the tens digit of k?
3
Let w = 50 + -56. What is the tens digit of (-32)/(-2) + 0/w?
1
Suppose -5*o = -5*s + 1 + 9, 4*o = -4*s - 16. What is the units digit of 41 + 2/(3 + s)?
2
Let p be (2 - 0) + (8 - 10). Let b(i) = 3*i + 21. Let j be b(p). Suppose 2*y = -j + 115. What is the tens digit of y?
4
Let o be (304/(-6))/(-2)*3. Suppose -l - 26 = -2*d, 4*d - o = -d - 3*l. What is the tens digit of d?
1
Suppose 0*m + 2*m = 2*o + 4, 4*m + 3*o - 29 = 0. Suppose v = -2*k - 32, m*k + 14 = -6. Let l = v - -51. What is the units digit of l?
7
Suppose f + 7*d = 2*d + 832, -2*f + 4*d = -1650. What is the hundreds digit of f?
8
Let a(b) = b + 2. Let d be a(9). Let j(y) = y**2 - 11*y + 1. Let h be j(d). What is the tens digit of (-16)/(h*(-4 + 3))?
1
Let q(u) be the third derivative of 19*u**5/30 - u**3/6 + 4*u**2. What is the units digit of q(1)?
7
Suppose -34*c + 13889 = 9*c. What is the hundreds digit of c?
3
Suppose 0 = -5*u + 4*z - 13 + 115, -u - 5*z + 3 = 0. Suppose 0 = -16*h + u*h - 176. What is the tens digit of h?
8
Suppose 3*u + 129 = 429. Suppose -5*g - 4*o - 116 + 602 = 0, g - 2*o = u. What is the tens digit of g?
9
Let s = -84 - -77. What is the units digit of 92/s*42/(-12)?
6
Suppose 18 = -2*x - 2*b, 0 = -b - 0 + 2. Let v = 20 + x. Suppose -6*m = -v*m + 15. What is the units digit of m?
5
Suppose -2*t - 410 = -7*t. Let j = -14 + t. What is the tens digit of j?
6
Suppose 21 = 3*n + 6. Suppose n*r + 10 = -0*r. What is the units digit of r + (33 - (2 - 0))?
9
Let z be (42 - 1 - -2)*1. Suppose 2*k + z = 1. What is the units digit of (-3 + 0 - k) + 0?
8
Let g = 103 + -105. What is the tens digit of g + (109/2 - 6/4)?
5
Let i(t) = t**2 - t. Let h = -5 + 7. Let w be i(h). What is the tens digit of 5 + 8 - w/(-1)?
1
Let t(j) = j**2 + j + 3. Let s be t(0). Suppose -3 = -p - 2*r + 5*r, 0 = -p + 5*r + s. Suppose -12 = -5*w + p*w. What is the units digit of w?
6
Let d be 2/13 - 1150/(-130). Suppose -d*k + 1211 = -2*k. What is the units digit of k?
3
Suppose -2*q - 24 = -24. Let o(z) = -z**2 + z + 4. Let x be o(-3). Let r = q - x. What is the units digit of r?
8
Let s = -40 - -41. Suppose 2 = 3*a - s. What is the units digit of a?
1
Let s be (-3)/(-2)*(-11 + 464/48). Suppose r = -t + 6*r - 42, 84 = -3*t + r. What is the units digit of -4 + t/(1 + s)?
3
What is the tens digit of 431/(((-2)/4)/((-9)/18))?
3
Let k = -40 - -22. Let z(n) = 2*n**2 + 30*n - 24. What is the tens digit of z(k)?
8
Suppose -5*s + 9 + 6 = 0. Let c be (1 + 0 - 1) + s. Suppose g - c*g + 2 = 0. What is the units digit of g?
1
Let k(t) = 5*t - 7. Let j be k(7). What is the tens digit of (-13)/((j/(-24))/7)?
7
Let y(h) = h**3 - 10*h**2 + 12*h + 3. Let g be y(9). What is the tens digit of (21 + 0 + -3)*g/4?
3
Suppose 3*h + 2 = -2*a + 7*h, 4*a + 2*h + 34 = 0. Let x(c) be the third derivative of c**5/60 + c**4/12 - c**3/3 + c**2 - 30. What is the tens digit of x(a)?
3
Let c = -26 - -37. Let p = 9 - c. What is the units digit of 23*2/(0 - p)?
3
Suppose 52*s - 71215 = 122589. What is the tens digit of s?
2
Suppose 0 = -32*h + 1424 + 1456. What is the units digit of h?
0
Let p be 83/9 - (-4)/(-18). Let u be p/2*8/12. Suppose u*f + 2*f - 110 = 0. What is the tens digit of f?
2
Suppose 4*p = -a + 4191, 9*p - 4*a - 1052 = 8*p. What is the tens digit of p?
4
Let i = -604 - 130. Let n = -504 - i. Suppose 0 = 10*m - 5*m - n. What is the tens digit of m?
4
Let k be (-6)/8*1612/13. What is the tens digit of -1 + 2 - (-3 + k)?
9
Suppose -3 = -h - 10. Let l be -27*(77/3)/h. Let d = l + -64. What is the tens digit of d?
3
Suppose -4 = -2*g - d + 3, -d - 1 = 0. Suppose 6 = g*p - 2*p. Suppose 0 = p*z + 59 - 155. What is the units digit of z?
2
What is the units digit of -18*5*(-24)/(-160)*-4?
4
What is the units digit of 64/(-80) - 2548/(-10)?
4
Suppose 0*d - d = -3. Suppose -2*a + d*k = -522, 3*a + a - 1062 = -3*k. What is the units digit of ((-1)/3)/((-8)/a)?
1
Let p(h) = 263*h + 148. What is the units digit of p(7)?
9
Let j(p) be the first derivative of p**3/3 + p**2 - 4*p - 2. Let h be j(4). Let w = -7 + h. What is the tens digit of w?
1
Suppose -3*l + 8*l - g - 5383 = 0, -2*l - 4*g = -2162. What is the thousands digit of l?
1
Let f(d) = -9*d + 36. Let m be f(10). What is the units digit of 4/m*-159 + (-4)/(-18)?
2
Let w(i) = -3 - 7*i - 1 + 9*i. Let a be w(-10). What is the units digit of a/(-10)*(1 + 4)?
2
Suppose -13*n - 15680 = -23*n. What is the tens digit of n?
6
Let j(y) = -y**3 + 19*y**2 - 8*y - 31. What is the tens digit of j(10)?
8
Suppose -k - 4*z + 36 = 3*k, -4*z + 21 = k. Let p(w) = 4*w**2 + w - 15. What is the tens digit of p(k)?
9
Suppose -4*k - 41 = -3*h, 2*k + 45 = 5*h - 0*h. Let g be (-3)/h + 36/(-63). Let m(r) = 2*r**2 - 2*r - 1. What is the units digit of m(g)?
3
Suppose p - 248 = 4*l - 2*l, 0 = 4*l. What is the hundreds digit of p?
2
Let g = 3 + -1. Suppose -k + g*k - 44 = 0. What is the tens digit of k?
4
Let p(s) = s + 39. What is the tens digit of p(-11)?
2
Suppose -2*j = -2*z + j + 86, 0 = 5*z + 3*j - 215. Let r = 250 + z. What is the units digit of r?
3
Let b(d) = d**3 - 5*d**2 + 5*d - 4. Suppose 2*u - 23 = -3*f, -1 = -4*u + 4*f - 5. Let k be b(u). What is the tens digit of 0 - (2 + k - 37)?
3
Let x(v) = -v**2 + 12*v + 7. Let t be x(13). Let d be 30/10*(-4)/t. Suppose 36 = 2*g + w, 3*w = -0*g + d*g - 28. What is the tens digit of g?
1
Let r(k) = -k**3 + 3*k + 4. Let y be r(3). Let t(g) = -g**2 - 19*g - 26. What is the tens digit of t(y)?
4
What is the units digit of ((-1494)/(-27) - 3)*21?
9
Let j(p) = 11*p**2 - p - 2. Suppose 17 = 5*h + k + 2, 0 = -k + 5. What is the tens digit of 